13
Let c(q) = q + 7 + 2*q**2 + 0*q - 3*q**2 + 7*q + 7. Calculate c(9).
5
Let f(c) = c - 107 - 110 - 107 + 309. Calculate f(16).
1
Let o(t) = -5*t - 8*t + 4*t + 7*t + 4 - t**2 - 5. Suppose -3*n = 3*y - 9, 5 = -y + n - 0*n. Let g be (y/2)/(1/8). Calculate o(g).
-9
Let t = 63 + -61. Suppose 0 = -4*b + v + 3, 2*b - 6*b - t*v = 6. Let g(c) = -c**3 - c - 13. What is g(b)?
-13
Let y be 54/(-7) - 4/14. Let t(k) be the second derivative of k**3/6 + 9*k**2 + 11*k. What is t(y)?
10
Let w(y) = 7 - 8 + 8 - 5 - 2*y. Give w(-1).
4
Let t(i) be the first derivative of i**2 + 2*i + 63. Determine t(2).
6
Let p(d) = -d + 10. Let b(k) = -k + 11. Let z(j) = 6*b(j) - 7*p(j). Let t be z(4). Let m(o) = t - 4 - 3 - o + 5. Determine m(-7).
5
Suppose 2*b = 5*b - 15. Let v(f) be the third derivative of 11*f**2 - 1/120*f**6 - 1/12*f**4 + 0 + 1/6*f**3 + 1/12*f**5 + 0*f. Give v(b).
-9
Let w(m) be the third derivative of 5*m**4/24 - 3*m**3/2 - 3*m**2 - 98. What is w(5)?
16
Let j(p) be the third derivative of p**6/120 + p**5/60 - p**4/24 - 2*p**2 + 72. Calculate j(0).
0
Let n = 188 + -192. Let s(k) = k**2 + 5*k + 3. Determine s(n).
-1
Let p(d) be the first derivative of 3*d**2/2 + 20*d + 152. Determine p(-7).
-1
Let t(j) be the third derivative of -j**5/60 + 7*j**4/24 - j**3/2 + 46*j**2. What is t(7)?
-3
Let g(r) = -2*r + 4 + 5 - 4 - 1. Suppose d - 3*d + 15 = 3*s, 0 = -4*s + d + 9. Give g(s).
-2
Let g(u) = 10*u**2 - 7. Let q(p) = -p**2 + 2. Let l(x) = g(x) + 4*q(x). Calculate l(-1).
7
Let n be ((-51)/(-15) + -3)*5. Let u(r) be the second derivative of r**7/1260 - r**5/120 + r**4/6 + 6*r. Let l(i) be the third derivative of u(i). What is l(n)?
7
Let l(a) = -9*a**2 - a - 6. Let i(t) = -11*t**2 - 7. Let z(u) = -5*i(u) + 6*l(u). Calculate z(6).
-1
Suppose 0 = -0*m + 2*m - 6. Suppose a + 6 = q, 0*a = 4*q + 3*a - m. Let o(r) = 7*r**2 - 1 - 3*r**2 - 12*r**q - 2*r**2. What is o(-1)?
13
Let b(o) = 9*o - 1. Let g = 86 - 89. Determine b(g).
-28
Let f(g) be the second derivative of g**4/12 + 7*g**3/6 + 2*g**2 + 744*g. Calculate f(-5).
-6
Suppose 0*r = -5*j - 5*r + 55, -r + 20 = 2*j. Let x(m) = 4 + 3*m + m**3 + 4*m**2 - 12 + j. Calculate x(-3).
1
Let f(z) = -2*z - 8. Suppose 3*h + 0*h - 25 = 4*q, 5*q = -20. Suppose h*r + 40 = 4*a, -3*a - 12 = 3*r - 0*a. Determine f(r).
8
Let d(w) = -3*w - 3. Let t(b) = 9*b + 13. Let n(y) = 7*d(y) + 2*t(y). Let g = 0 - 4. Give n(g).
17
Let d(j) = -12*j + 42. Let n be d(4). Let t(l) = -7*l + 2. Give t(n).
44
Let w be 2/((-240)/(-122) + -2). Let m = w - -55. Let v(o) = -o**2 - 4*o + 5. What is v(m)?
-7
Let x(l) be the second derivative of -l**4/12 - l**3/6 - 3*l**2/2 + 2*l. Let u be ((-5)/(30/(-8)))/((-1)/3). Calculate x(u).
-15
Let k(f) be the first derivative of -f**3/3 + 2*f**2 - 4*f - 17. Determine k(3).
-1
Suppose 0 = -20*z + 24*z - 5*a - 17, 4*z - 7 = -5*a. Let h(k) be the first derivative of 1/3*k**z + 7 + 4*k - 3*k**2. Determine h(5).
-1
Suppose 8*o - 581 + 549 = 0. Let y(c) = c**3 - 3*c**2 + c - 6. Calculate y(o).
14
Let r(q) = -q**3 - 6*q**2 - q + 5. Let c(f) = f**2 - 11*f + 22. Let a = -13 + 20. Let k be c(a). Calculate r(k).
11
Let x = -43 + 46. Let q(o) = -3*o**3 + 2 - 8*o**2 + 18*o**2 - o - 7*o**2 + 2*o**3. Determine q(x).
-1
Let m(x) = -x**3 - 2*x**2 + 5*x. Suppose j - 4 = 2*j, -4*d + 2*j + 20 = 0. Suppose k - h - 22 = 6*k, d*h = 3*k + 6. Give m(k).
12
Let d(c) = -c**3 - 6*c**2 - 5*c - 3. Suppose 4*z + 8 = -4*q, 7*q + 16 = 5*q + z. What is d(q)?
27
Suppose -3*w + 0*w - 3*m + 51 = 0, -2*w - 5*m + 49 = 0. Let s be (-11)/(-2)*(w - 14). Let t(a) = a**3 + 12*a**2 + 11*a + 10. Calculate t(s).
10
Let j(r) = -r**3 - r + 4. Let o(c) = 21 + 5*c - 21 - c**2. Let a be o(5). Calculate j(a).
4
Suppose 3*s = 4*k + 29, -3 = -k + 3*s - 17. Let d(v) = v**2 - 8*v - 3. Determine d(k).
62
Let t = -12 + 15. Let i(v) = -3*v**t - 4*v**2 - 9 - 3*v - 2*v**2 + 10. Let f(a) = a**3 - a. Let b(p) = 2*f(p) + i(p). Calculate b(-5).
1
Let n(c) = 0*c + 3 + c**2 + 0 + 0*c**2 + 6*c. Suppose 45 = -5*r + 10*r. Let d = r + -15. Give n(d).
3
Let m(y) be the second derivative of y**4/4 - y**3/3 + y**2 - 3*y + 5. Suppose -30 = 4*u + u. Let b = u - -8. Give m(b).
10
Let q(s) = -3*s**2 - 15*s + 21. Let y be q(-6). Let k(x) = x**3 - 3*x**2 - x + 3. Let w be k(3). Let a(o) = -2 + 0 + w + 0 + o**2. What is a(y)?
7
Let m(f) be the second derivative of -f**6/720 - 3*f**5/20 + 19*f**4/6 + f. Let i(q) be the third derivative of m(q). What is i(-14)?
-4
Let q = 37 - 41. Let w(x) = x**3 + 3*x**2 - 2*x + 4. Determine w(q).
-4
Let p(m) = m + 2. Suppose 0 = 2*f + 7 + 13. Let l(d) = -d**2 + 10*d + 33 - 2*d**2 + 4*d**2 - 30. Let q be l(f). Calculate p(q).
5
Suppose 46 = 9*h - 26. Let y(s) = -s**3 + 7*s**2 + 10*s - 11. Determine y(h).
5
Let j(q) = -5*q**2 + 25*q**2 - 22*q**2 - 5 + 3*q. Determine j(4).
-25
Let d(v) = v**2 - 4*v + 5. Let h be d(3). Suppose 11*s + h + 42 = 0. Let o(x) = -2*x - 1. Give o(s).
7
Let y(d) = d**2 + 2*d - 1. Let z be y(-4). Let c(o) = 5 - z*o - 10 + 4. Give c(1).
-8
Let b(q) = 9*q**3 - 3*q**2 + q - 5. Let o(t) = t**3 - t**2 + 1. Let j(w) = b(w) - 4*o(w). Let g(a) be the first derivative of j(a). What is g(-1)?
14
Let u(c) = -c**2 - 7*c - 7. Let x = 1 + 3. Let j be (-45)/6 + x/8. Calculate u(j).
-7
Suppose 9*p + 98 = 62. Let w(v) be the third derivative of v**2 + 0*v + 0 + 5/24*v**4 + 2/3*v**3 + 1/60*v**5. Give w(p).
0
Let h(a) = -2*a**3 + 11*a**2 + 2. Let s be h(6). Let g be (-3 - s/10)/(2/20). Let o(w) = -w**2 + 3*w - 6. Calculate o(g).
-10
Let c(q) = q**3 + 9*q**2 - 11*q - 11. Let p(f) = f**3 - 18*f**2 - 60*f - 73. Let z be p(21). What is c(z)?
-1
Let r(y) = y + 4. Let p be r(2). Let z(a) = -a - p*a**2 + 2*a**2 - 6*a**3 + 4 + 5*a**3. Let g(v) = -5*v + 1. Let t be g(1). Calculate z(t).
8
Let v(i) = 11*i**2 - 3*i**2 - 2*i - i + i**3 + 73 - 79. Determine v(-8).
18
Let v(a) = 4*a**2 + a + 18. Let m(n) = -5*n**2 - 22. Let o(d) = -5*m(d) - 6*v(d). Determine o(3).
-7
Let b(l) = 34 + 5*l**2 - 4*l**2 - 84 + 6*l + 72 + 3*l. Calculate b(-7).
8
Let o = -71 - -65. Let v(c) = c**2 + 8 + 3*c - 4*c + 7*c. Calculate v(o).
8
Let y(n) = -2*n - 37. Let x(h) = -h - 17. Let z(u) = -7*x(u) + 3*y(u). Determine z(-12).
-4
Let w(y) = 5*y**3 + 6*y**2 - 4*y + 8. Let m(z) = -6*z + 13 + 7*z**2 + 6*z**3 + 3*z - 4 - 2*z. Let j(h) = 4*m(h) - 5*w(h). Determine j(-3).
5
Let t(s) = -4*s**3 + s**2 - s - 1. Let j(g) be the third derivative of g**6/120 + g**5/20 - g**4/24 - 2*g**3/3 + 7*g**2. Let z be j(-3). Calculate t(z).
5
Let h be 16/5 + (-12)/(-15). Suppose 0 = -3*a - 3*v - 12, -4*a + h*v + 1 = -7. Let j(w) = -9*w**3 + w**2 + 2*w + 1. What is j(a)?
9
Let c(z) be the second derivative of 9*z**5/20 - z**4/12 - z**3/6 - z**2/2 - 115*z. Give c(-1).
-10
Let x(r) = 14*r - 2. Let l be 115/(-92) - (-6)/(-8). Determine x(l).
-30
Let h(v) = -8*v**3 + 6*v**3 - 6 + 7*v + 4*v**2 + v**3. What is h(5)?
4
Suppose -2 = 2*s - a + 4, 5*s + 26 = -3*a. Let u = s + 8. Suppose u*h - 2*h + 6 = 0. Let v(w) = -w - 4. Give v(h).
-1
Let m be ((-10)/(-4))/(1/2). Let z(q) = q + 6. Let d(u) = 1. Let a(k) = -6*d(k) + z(k). Let o(v) = v. Let j(r) = m*o(r) - 4*a(r). What is j(-4)?
-4
Let s(f) be the second derivative of -f**5/20 + 17*f**4/12 - 5*f**3/2 - 6*f**2 + 3*f - 15. Calculate s(16).
4
Let i(t) = t**3 - 8*t**2 + 9*t - 10. Let q be i(7). Let a(j) = -2*j + 3 - 11 - 43*j**3 - q*j**2 - 2*j**2 + 42*j**3. Give a(-6).
4
Suppose 2 = 5*j + 3*k - 14, 0 = j - 3*k - 14. Let v(b) = -j + 5 + 6*b + b**2. Determine v(-3).
-9
Let o(m) be the second derivative of -m**5/20 + 2*m**3/3 - 3*m**2/2 + 4*m. Suppose -15 = -5*z + 2*p, -5*z + 15 = 37*p - 38*p. Calculate o(z).
-18
Let o(k) = k**3 - 9*k**2 + 7*k - 1. Suppose 0 = 2*h + 5*r - 2, 4*h - 34 = -h + 2*r. Give o(h).
-67
Let i(g) = g + 7. Let x be -1 + (-1)/((-2)/22). Let c = 115 + -81. Suppose 4*o + c = x. Calculate i(o).
1
Let k be ((-6)/8)/((-1)/140*7). Let o(j) = j**2 - 16*j + 11. Calculate o(k).
-4
Let m(i) = -2*i - 2. Let q(d) = -3*d - 2. Let p(k) = 2*m(k) - q(k). What is p(-7)?
5
Let t(a) = -14*a**2 - 3*a + 1. Let c = 441 + -439. Determine t(c).
-61
Let q(h) = -h**3 - 2*h**2 + 5*h + 4. Let c(k) = -k**3 - 7*k**2 + 9*k + 8. Let m be 1/3*-2*12. Let i be c(m). Suppose i = -g - 2 - 1. Calculate q(g).
-2
Let w(z) = 2*z + 27. Suppose -84 = -3*l + 10*l. Give w(l).
3
Let n(p) be the second derivative of -